 + 0). Let z(b) = b - 4. Determine z(u).
-1
Let b(j) = j**2. Let g(s) = -6*s**3 + 4*s**2 - s. Let l = -6 + 9. Suppose -4 + 1 = l*w. Let r(z) = w*g(z) + 6*b(z). What is r(-1)?
-5
Let i(z) = -z - 4. Let a be i(-4). Let f(b) = -2*b**3 + 3*b**2 + b. Let o be f(-1). Suppose 0 = -o*r - a*r. Let v(w) = -w**3 - w**2 + 1. What is v(r)?
1
Let c(l) = -15*l**2 + 363*l - 54. Let b be c(24). Let x(r) = r - 25. What is x(b)?
-7
Let u(y) = -2*y**3 - 12*y + y**3 - 16*y**2 - 18 - 2 + 22 + 19. What is u(-15)?
-24
Let n(b) = b**3 + 5*b**2 - 3*b - 19. Let h be n(-5). Let l(y) = -2*y**2 - 6*y - 4. Calculate l(h).
-12
Suppose 0 = 2*i + 3*i. Let f(o) = -1 - o**3 - 5*o**2 + i - 3*o + 1. Let d be f(-4). Let y(s) = -s - 8. Determine y(d).
-4
Let j(t) = 5*t**2 + 5*t + 5. Let u(z) = 5*z**2 + 6*z + 6. Let k(o) = -3*j(o) + 2*u(o). What is k(-1)?
-5
Let o(v) = 4 + 2*v - 2*v - v**3 + 9*v**2. Let s(r) = 3*r**2 - 7*r + 11. Let j be s(2). What is o(j)?
4
Suppose -39*u = -35*u - 24. Suppose u*f + f = 0. Let i(g) = -g**2 + 2. Calculate i(f).
2
Suppose 0 = 15*y - 17*y + 14. Let g(h) = -2*h**2 - y*h + 8 - 7*h**2 + 10*h**2. Suppose 8*b - 3*b - 30 = 0. Determine g(b).
2
Let n(j) = 58*j - 21. Let q(p) = 14*p - 5. Let w(a) = -2*n(a) + 9*q(a). What is w(3)?
27
Let s(z) = -4*z - 19. Suppose w + 9 = -2*d, -w + 21 = -4*d - 2*w. Give s(d).
5
Let t(k) = -k - 2. Let z = -18 - -33. Suppose -3*q = 2*g - z, 0*g = 5*g - 15. Suppose 2*m = -3*m - y - 8, -2*y = -q*m - 10. Determine t(m).
0
Let n(u) be the second derivative of -u**4/12 + 5*u**3/2 - 4*u**2 + 271*u. What is n(12)?
28
Let p be 41/(-287)*(10/(-3) + 1). Let d(a) be the third derivative of 0 + 2*a**2 - 1/60*a**5 - p*a**3 - 5/24*a**4 + 0*a. What is d(-5)?
-2
Let c(d) = -8*d**2 + 1. Suppose -27 = -79*s + 52*s. Calculate c(s).
-7
Let y(b) = -12*b - 1. Suppose 4*n = -g + 4, 3*n + 3*g - 2*g - 3 = 0. What is y(n)?
-13
Let p be 2/(-3) + (-28)/(-6). Let t be (p*3/12)/((-1)/3). Let j(s) = 3*s - 3. Calculate j(t).
-12
Let m be (4 - (2 + 1))/1. Let w(g) = -292*g**2 - g + 0 + 293*g**2 - 1. Give w(m).
-1
Let h(p) = 6 + p - 6*p + 8*p. Suppose 0 = -3*v + l - 10, 0 = 2*v + 5*l + 47 - 12. Calculate h(v).
-9
Let l(m) = 2*m + 15. Suppose f + 9 = -r, 2*f + 5*r + 12 = -6. Calculate l(f).
-3
Let g(i) = 16*i**2 - i. Let x(t) = -2*t - 6. Let y be x(-3). Suppose 1 + y = -u. Calculate g(u).
17
Let c be (((-225)/10)/(-9))/(2/(-4)). Let b(m) = m - 9. Let q(d) = d - 8. Let y(i) = c*b(i) + 6*q(i). Give y(8).
5
Let q(l) = l**3 - 3*l**2 - 10*l - 6. Suppose -52*o + 220 = -40. What is q(o)?
-6
Let m(h) be the first derivative of h**3/3 + 5*h**2/2 + 2*h - 433. Determine m(-6).
8
Let h be (4 - (-105)/(-20))*-4. Suppose 0 = -0*x + x + 2*p, -10 = h*p. Let z(n) = n - 5. Give z(x).
-1
Suppose 4 = -2*d, -210*r + 5*d = -211*r - 16. Let x(t) = 5*t**2 - 3*t**3 - 7*t + 2*t**3 + 2*t**3 - 9. Give x(r).
-3
Let g be (6/(-8))/((-2)/48*-6). Let f(c) = c**2 + 2*c - 6. Calculate f(g).
-3
Let m(z) = -z + 1. Suppose 2 = -2*w + 6. Suppose -w*u = -6*u. Suppose u = -5*v - 5*y - 11 - 24, 2*y + 2 = 2*v. What is m(v)?
4
Let r(d) = 5*d**2 + d**2 - d**2 - 12 + 2*d - 4*d**2 + 17. Give r(0).
5
Suppose 0 = -5*b + 85 - 95. Let a(i) = 25*i - 2. Give a(b).
-52
Let i = 1058 - 1055. Let w(o) = -o**3 + 2*o**2 + 4*o - 1. Calculate w(i).
2
Let t = -3 + 5. Let l(a) be the first derivative of -a**4/4 + a**3/3 + a**2 - a - 636. What is l(t)?
-1
Let z = 8967 + -8964. Let r(o) = -o + 5. Let b(q) = -q + 5. Let w(s) = -6*b(s) + 5*r(s). Determine w(z).
-2
Let o(l) = 4 - 4 - 3 + l. Suppose 8*w + 11 + 29 = 0. What is o(w)?
-8
Let x(g) = -6*g + 6. Let n(k) = -4*k - 24. Let l be n(-9). Suppose 2 = l*w - 58. Determine x(w).
-24
Let l(j) be the second derivative of 6*j + 0 + 1/12*j**4 + 0*j**3 + 1/2*j**2. Let s(r) = r**2 + 16*r. Let z be s(-16). What is l(z)?
1
Let i(f) = 0*f**2 + 6*f**3 - 5*f**3 + 2 + 0*f**3 - 5*f**2 + 2*f. Suppose -2*q - 92 = -100. Determine i(q).
-6
Let h(j) = -7 - 2*j + 0 + j. Suppose p - 2 + 5 = 2*u, -u - 11 = -3*p. What is h(p)?
-12
Let f(q) = 8*q + 3 + 0*q - 4*q + 2 + q**3 + 7*q**2. Let j = -97 + 91. What is f(j)?
17
Suppose 5*k = -2 - 23. Let g = k + 7. Let s(y) = 4*y + 8 + 30*y**g - 4 - 28*y**2. Give s(-3).
10
Let h = 1151 - 1147. Let p(d) = d**3 - 3*d**2 - 3. Determine p(h).
13
Let i(v) = v**3 + 3*v**2 - 5*v - 6. Let m(j) = -30*j - 273. Let w be m(-9). Calculate i(w).
9
Let l(x) = -33*x**2 + 3*x + 3. Let j(t) = 39*t**2 - 3*t - 4. Let a(h) = 5*j(h) + 6*l(h). Give a(3).
-20
Let j(q) = -5*q - 17. Let a(r) = -8*r + 2. Let v be a(1). Let s(o) = o + 1. Let g(u) = v*s(u) - j(u). Give g(9).
2
Let n(g) = -4*g + 2. Let b(f) = 3*f - 2. Let s(d) = -3*b(d) - 2*n(d). Let o(y) = 1. Suppose -36*j = -12*j - 72. Let w(r) = j*s(r) - 7*o(r). Give w(-2).
5
Let p(y) = 4*y - 3. Suppose -4*w + 3*j - 23 = -51, -5*w - 4*j = -4. Determine p(w).
13
Let u(h) be the first derivative of -2/3*h**3 + 0*h + 0*h**2 + 15 - 1/120*h**5 + 1/12*h**4. Let a(n) be the third derivative of u(n). What is a(6)?
-4
Let b(g) = -g**3 + g - 1. Let w(t) = -t - 4. Suppose 2*a + 5*u = 12, -4*u + 2 = 5*a + 6. Let n be w(a). Calculate b(n).
-1
Let i(p) = p + 2. Let v be i(-3). Let n(d) = 3*d + 10 + 8 - 21 + 4. Calculate n(v).
-2
Let q = -40 + 44. Let y(r) = -1 + 21*r**2 + 19*r - 21*r - q*r**2. Calculate y(-1).
18
Suppose 0 + 56 = -56*y. Let s(t) be the third derivative of -t**4/8 - t**2. Determine s(y).
3
Let x(i) = -2*i - 14. Let w be 3/(6/(-54)*3). Give x(w).
4
Let m(d) = -d**3 - 10*d**2 - 7*d - 2. Let a be m(-9). Let z = a + 17. Let y be ((-6)/z)/(2/(-4)). Let k(h) = -h**3 - 3*h**2 + 5*h. What is k(y)?
-4
Let w(h) = -14*h**2 - h - 1. Suppose 2*b - 5*p + 6 = 0, 2 = -3*b - 2*p + 6*p. Let g(s) = -27*s**2 - 2*s - 3. Let q(y) = b*g(y) - 5*w(y). Give q(1).
16
Let i = 0 - -2. Let x(c) be the third derivative of -c**7/1260 - c**6/720 - 7*c**4/12 + 6*c**2. Let t(p) be the second derivative of x(p). Determine t(i).
-10
Let z(t) = t**2 + 6*t + 1. Suppose 3*y = 12, 7*w - y = 12*w + 26. Calculate z(w).
1
Let g(u) = -4*u**2 - 20*u + 26. Let j be g(-6). Let x(v) = -11*v + 19. Calculate x(j).
-3
Let h(f) = -f**3 + 7*f**2 + 10*f - 12. Let j(u) = 3*u - 11. Let c be j(5). Suppose 2*g + 2*y = 3 + 15, 0 = c*g - 5*y - 27. What is h(g)?
4
Suppose 5*l = -2*y + 29, -4*y = -4*l + l - 19. Suppose 3*c - 13 = -y. Let g(r) = 2*r**3 + 2*r**2 - 2*r - 2. What is g(c)?
18
Let z(l) be the first derivative of 3*l**2/2 + 10*l - 731. Calculate z(-4).
-2
Suppose r + 4*r = 2*n - 15, 0 = r + 5. Let q(d) = -d**3 - 5*d**2 - d - 6. What is q(n)?
-1
Let s(y) = 2*y**2 - 4*y + 4. Let c(l) = l**2 - 2*l + 2. Let j(m) = -9*c(m) + 4*s(m). Let h(w) be the first derivative of j(w). What is h(4)?
-6
Let f be (5226/(-1407))/(2/7). Let n(c) = -c**2 - 10*c + 32. What is n(f)?
-7
Let g = -21 + 19. Let f(l) be the first derivative of l**5/60 + l**4/12 - 4*l**3/3 - 2. Let o(u) be the third derivative of f(u). Determine o(g).
-2
Let s(m) = m**3 + 5*m**2 + 4*m + 2. Let f be s(-4). Suppose -20 = -6*b + 2*b + f*q, b = -5*q + 16. Let a(x) = 1 + 1 + 0 - b + x. Calculate a(8).
4
Let c(h) = 4*h**2 - 9652*h + 0*h**3 - 2*h**3 + 3*h**3 + 9653*h. Suppose 6*x - 5 = 3*x - 5*m, x = 2*m - 2. Suppose x = d + d + 8. Calculate c(d).
-4
Let c(g) = -30*g + 123. Let m be c(4). Let o(f) be the third derivative of m*f**2 - 1/2*f**3 - 1/8*f**4 - 1/60*f**5 + 0 + 0*f. What is o(-4)?
-7
Suppose -11*y = -15*y - 3*j - 39, 2*y + 4*j + 12 = 0. Let i(g) = -g - 22. Give i(y).
-10
Suppose 0 = -2*y - 4*l - 10, -4 - 3 = 3*y - 2*l. Let b(h) = -3*h - 7. Let i be b(y). Let m(v) = 3*v**2 - 5*v**i + 5 - 4. What is m(-2)?
-7
Let v(z) = 97*z - 33*z - 38*z - 32*z + 30. Give v(6).
-6
Let d(b) be the third derivative of -b**6/120 - b**5/60 + b**4/24 - b**3/3 - b**2 + 21*b. Calculate d(-3).
13
Let r(b) = 3*b**3 + 5*b**2 + 3*b + 1. Let h(s) = -8*s**3 - 14*s**2 - 8*s - 3. Let a(g) = 4*h(g) + 11*r(g). Let w = 46 + -44. Determine a(w).
5
Let k(g) = 2*g**3 - 3*g + 5*g - 2 - 13 - 5*g**2 - g**3. What is k(5)?
-5
Let l(r) be the third derivative of r**6/120 + r**5/10 + 7*r**4/24 + 5*r**3/6 + 7*r**2. Suppose -3*x - 4 = -2*x. Give l(x).
9
Suppose -146*v + 35 = -141*v. Let m(o) = -3*o + 14. Calculate m(v).
-7
Let l(b) = -105 + 78 - b + 26. Let p(r) = -r + 8. Let t be p(0). Suppose -3*s = s + t. What is l(s)?
1
Let f(y) = -y + 4*y + 64*y**2 + y - 62*y**2 + 4 + 0*y